 7?
122621114
311013 (base 6) to base 5
1243344
-32401211 (base 5) to base 3
-112010202122
-5d221 (base 16) to base 7
-3146111
What is -23421434 (base 5) in base 2?
-110101000000011111
Convert -140443 (base 8) to base 2.
-1100000100100011
Convert -21311232223 (base 4) to base 9.
-4761207
What is -1001212321300 (base 4) in base 11?
-9787706
What is 3237a (base 13) in base 5?
10400220
What is -5137071 (base 8) in base 7?
-14361213
What is -6541263 (base 8) in base 3?
-10022002201210
Convert -2a71b (base 13) to base 3.
-11002011001
What is -300334213 (base 6) in base 2?
-10011010101000100000001
61436 (base 7) to base 4
3221330
-1102555 (base 7) to base 5
-13313202
What is 22231110101 (base 4) in base 3?
12021121120002
What is 458070 (base 10) in base 16?
6fd56
244062 (base 7) to base 3
2021020010
23100542 (base 6) to base 7
6005423
161226 (base 8) to base 10
58006
99cad3 (base 14) to base 10
5221233
Convert -344b8 (base 13) to base 4.
-113101002
-1112202202 (base 3) to base 11
-20971
What is -75c083 (base 15) in base 8?
-25313635
Convert -121011133 (base 4) to base 6.
-2111411
-10772587 (base 9) to base 8
-24002425
Convert 3013466 (base 7) to base 14.
93d6d
454412 (base 7) to base 15
18e25
1025126 (base 7) to base 3
20022102022
585c2 (base 15) to base 10
281432
Convert 6025 (base 12) to base 15.
3132
7971566 (base 11) to base 8
65167501
What is -423576 (base 8) in base 16?
-2277e
What is 13610045 (base 8) in base 12?
1048ab1
What is 1010001111100101110000 (base 2) in base 13?
730343
Convert 101020221200120 (base 3) to base 15.
72a2a9
What is -1256673 (base 8) in base 13?
-c40bc
Convert -23103032332 (base 4) to base 10.
-2962366
What is -1012100110020 (base 3) in base 12?
-2685a3
10100011000111100 (base 2) to base 15
19b2b
Convert -53a501 (base 14) to base 13.
-78250b
What is -125027 (base 12) in base 14?
-7ad55
What is 111002010000 (base 3) in base 6?
5303430
-23258 (base 10) to base 3
-1011220102
Convert -1679a (base 16) to base 14.
-25798
What is 1ac0e (base 15) in base 7?
511622
-10d7327 (base 15) to base 7
-204422335
-785929 (base 13) to base 6
-140512304
Convert 1001111001000011000 (base 2) to base 9.
543543
What is -1201222202 (base 3) in base 8?
-102720
32030025 (base 6) to base 13
26a66b
What is 171781 (base 11) in base 13?
93ca7
What is 65258 (base 10) in base 15?
14508
Convert 309426 (base 10) to base 7.
2426055
Convert 268088 (base 10) to base 3.
111121202012
Convert -11100111111000010 (base 2) to base 13.
-42066
-a7a9 (base 14) to base 12
-14915
22702 (base 16) to base 5
14003213
106302 (base 9) to base 15
13ce8
130321211320 (base 4) to base 7
121252153
Convert 2220022221112 (base 3) to base 15.
206c65
What is 307415 (base 8) in base 9?
165117
-2625064 (base 7) to base 8
-1235257
Convert 75cd9 (base 14) to base 10.
285175
What is 1021002121022 (base 3) in base 10?
671120
Convert -190360 (base 10) to base 5.
-22042420
Convert -af478 (base 16) to base 2.
-10101111010001111000
What is 17074c (base 15) in base 4?
10100110011
3044245 (base 7) to base 11
229579
-1210711 (base 9) to base 12
-278031
Convert 5041012 (base 7) to base 12.
24a221
What is -126855 (base 9) in base 13?
-2920a
Convert -1111011010101100 (base 2) to base 3.
-10012121211
-12345421 (base 7) to base 14
-212648
-100100121022 (base 3) to base 12
-8a698
-100010011001011001100 (base 2) to base 5
-242031431
Convert 514647 (base 9) to base 12.
128797
a235 (base 11) to base 12
7a46
What is -16733 (base 16) in base 5?
-10420310
cc09 (base 16) to base 11
36275
Convert 2b788c (base 14) to base 16.
172e14
Convert 825aa6 (base 13) to base 5.
1234242102
What is 188417 (base 10) in base 12?
91055
What is 30025062 (base 7) in base 16?
25cc86
What is 23c00b (base 15) in base 12?
6a62a8
What is -318bc9 (base 13) in base 15?
-17e495
What is 1326226 (base 8) in base 13?
10034a
113101114 (base 7) to base 12
23b6ab1
Convert 1b6563 (base 14) to base 16.
eec0b
-4422410 (base 5) to base 12
-383b9
1053774 (base 11) to base 4
13003211113
What is -20544003 (base 6) in base 8?
-2235203
c007d (base 16) to base 7
6454112
11111431 (base 5) to base 13
35647
-83736 (base 9) to base 16
-d7eb
What is 4380367 (base 9) in base 10?
2355703
Convert 184876 (base 12) to base 13.
11a62a
What is 122471 (base 8) in base 9?
64016
-10111001011101101010101 (base 2) to base 15
-800a14
4311303 (base 8) to base 5
243323213
Convert 22220111002 (base 3) to base 5.
21102223
What is 5c3a (base 14) in base 4?
3323330
Convert -323033 (base 8) to base 3.
-12111020012
What is -203233321213 (base 4) in base 10?
-9371239
Convert -9031529 (base 10) to base 6.
-521324345
Convert 35e49f (base 16) to base 6.
203411315
-101110000110110101100 (base 2) to base 5
-341321303
What is -1112200022002 (base 3) in base 16?
-c8477
-9830 (base 16) to base 14
-102ac
What is -13041445 (base 7) in base 9?
-2207717
Convert -11a37a7 (base 12) to base 2.
-1101001001111010101111
34001342 (base 5) to base 12
123b21
What is 10301103102 (base 4) in base 16?
1314d2
Convert 20012110102021 (base 3) to base 13.
8b5382
What is -22251751 (base 8) in base 13?
-cc3473
Convert -313285 (base 9) to base 3.
-100110022212
What is 1717933 (base 10) in base 14?
32a0d7
-bc6c56 (base 14) to base 3
-110000221120222
What is -11010100011010110111 (base 2) in base 15?
-122beb
-404422134 (base 6) to base 9
-14045804
What is -69686 (base 12) in base 13?
-4c1c1
Convert 11111100111111000 (base 2) to base 5.
13121103
What is 344065 (base 7) in base 10?
61444
-322020303022 (base 4) to base 9
-31607801
Convert 1433213124 (base 5) to base 14.
710500
Convert -1101221012212 (base 3) to base 8.
-2662236
Convert -1000012201121 (base 3) to base 8.
-2026077
1075925 (base 10) to base 7
12100544
What is 1410433 (base 7) in base 15?
3a84d
Convert -2412244 (base 6) to base 15.
-27614
What is 23200100 (base 5) in base 2?
110011000111111000
2f80d (base 16) to base 9
325812
-314624 (base 7) to base 8
-152352
What is -118c4 (base 13) in base 11?
-22277
What is -108528 (base 13) in base 5?
-44432443
Convert 30151623 (base 7) to base 11.
14583a4
Convert 4044541 (base 6) to base 10.
192877
What is 5bdc15 (base 14) in base 7?
35525625
Convert -50774 (base 14) to base 13.
-6a13a
Convert 19d116 (base 14) to base 10.
919456
Convert -61212 (base 8) to base 15.
-771b
-bbeeb (base 15) to base 11
-3788a5
-4423253 (base 7) to base 8
-2046057
What is -347a85 (base 11) in base 4?
-2012312101
What is -66ac8 (base 16) in base 10?
-420552
What is -122505112 (base 6) in base 9?
-4415778
What is 76237 (base 13) in base 10?
213493
What is 15982a (base 11) in base 8?
742703
-1a24205 (base 11) to base 14
-64d340
What is 11a94a (base 16) in base 6?
40450322
Convert 6132145 (base 11) to base 3.
202101120210202
-4003 (base 12) to base 5
-210130
-20252031 (base 7) to base 13
-473a27
Convert 45132206 (base 7) to base 16.
3b9e91
Convert -1ac166 (base 14) to base 5.
-221031243
What is -b9266 (base 15) in base 11?
-371690
255718 (base 9) to base 15
30e72
Convert 355567 (base 10) to base 9.
601664
Convert 5b710 (base 13) to base 6.
3334320
4514a9 (base 15) to base 7
40002405
What is -144118 (base 10) in base 4?
-203023312
33212033 (base 4) to base 5
4021022
-4926e (base 16) to base 13
-a64c6
-763a5 (base 15) to base 6
-12014115
Convert 1031101210 (base 4) to base 2.
1001101010001100100
Convert -2fe47d (base 16) to base 8.
-13762175
-2420554 (base 6) to base 9
-213457
Convert 10122201112202 (base 3) to base 4.
13122122033
-329274 (base 10) to base 8
-1203072
Convert 45567 (base 14) to base 15.
34da5
-212140360 (base 7) to base 8
-60076603
-130423124 (base 5) to base 7
-5301311
101101011001011001 (base 2) to base 4
231121121
What is -138b2 (base 15) in base 4?
-33103331
What is -976d8 (base 14) in base 3?
-200121111100
1000221000012 (base 3) to base 7
4446353
Convert -100110000001111000 (base 2) to base 4.
-212001320
10111001010110010 (base 2) to base 15
1d1b8
What is 1001101101100000001111 (base 2) in base 3?
11210100000102
452551 (base 7) to base 16
13948
166148 (base 11) to base 14
69972
What is 313303 (base 4) in base 13?
1819
Convert 1535140 (base 8) to base 7.
3514335
What is 4d6f8 (base 16) in base 11?
1a7332
Convert -1136357 (base 8) to base 5.
-34414021
What is 2111200021002 (base 3) in base 12?
542a62
What is -54451